{"id":59,"date":"2025-04-21T02:15:53","date_gmt":"2025-04-21T00:15:53","guid":{"rendered":"https:\/\/flydjdesigns.com\/?page_id=59"},"modified":"2025-05-07T01:54:41","modified_gmt":"2025-05-06T23:54:41","slug":"inicio","status":"publish","type":"page","link":"https:\/\/flydjdesigns.com\/","title":{"rendered":""},"content":{"rendered":"\n\n\n\n<p class=\"has-text-color has-link-color wp-elements-22cc37f686692d800485dd6d93b92fc1\" style=\"color:#0058a1;font-size:44px\">EXPLORA LOS JUEGOS Y JUGUETES DE HASBRO <\/p>\n\n\n\n<p>Encuentra todas tus marcas favoritas de juguetes en un solo lugar: Nerf, My Little Pony, Transformers, \u00a1y muchas m\u00e1s! Descubre figuras de acci\u00f3n, mu\u00f1ecos, juegos electr\u00f3nicos, juegos de mesa y mucho m\u00e1s, \u00a1hoy mismo!.<\/p>\n\n\n\n<div class=\"wp-block-columns is-layout-flex wp-container-core-columns-is-layout-9d6595d7 wp-block-columns-is-layout-flex\">\n<div class=\"wp-block-column is-layout-flow wp-block-column-is-layout-flow\">\n<figure class=\"wp-block-image size-full\"><img loading=\"lazy\" decoding=\"async\" width=\"1000\" height=\"1000\" src=\"https:\/\/flydjdesigns.com\/wp-content\/uploads\/2025\/04\/2032343627857-1.jpg\" alt=\"\" class=\"wp-image-488\" srcset=\"https:\/\/flydjdesigns.com\/wp-content\/uploads\/2025\/04\/2032343627857-1.jpg 1000w, https:\/\/flydjdesigns.com\/wp-content\/uploads\/2025\/04\/2032343627857-1-300x300.jpg 300w, https:\/\/flydjdesigns.com\/wp-content\/uploads\/2025\/04\/2032343627857-1-150x150.jpg 150w, https:\/\/flydjdesigns.com\/wp-content\/uploads\/2025\/04\/2032343627857-1-768x768.jpg 768w\" sizes=\"auto, (max-width: 1000px) 100vw, 1000px\" \/><\/figure>\n\n\n\n<p class=\"has-text-align-center\"><strong>\u00a1Es hora de la batalla!<\/strong><\/p>\n\n\n\n<p class=\"has-text-align-center\">Vive la emoci\u00f3n del juego con <em>NERF<\/em>, la l\u00ednea de lanzadores m\u00e1s famosa del mundo. Desde dardos hasta lanzagranadas, prep\u00e1rate para la acci\u00f3n con precisi\u00f3n, estilo y mucha adrenalina. Encontrando todo necesitas para convertirte en el campe\u00f3n .<\/p>\n\n\n\n<p class=\"has-text-align-center\"><strong>NERF no es solo un juego\u2026 es una forma de jugar.<\/strong><\/p>\n\n\n\n<p><\/p>\n<\/div>\n\n\n\n<div class=\"wp-block-column is-layout-flow wp-block-column-is-layout-flow\">\n<figure class=\"wp-block-image size-full\"><img loading=\"lazy\" decoding=\"async\" width=\"1000\" height=\"1000\" src=\"https:\/\/flydjdesigns.com\/wp-content\/uploads\/2025\/04\/2032308406244-3.jpg\" alt=\"\" class=\"wp-image-489\" srcset=\"https:\/\/flydjdesigns.com\/wp-content\/uploads\/2025\/04\/2032308406244-3.jpg 1000w, https:\/\/flydjdesigns.com\/wp-content\/uploads\/2025\/04\/2032308406244-3-300x300.jpg 300w, https:\/\/flydjdesigns.com\/wp-content\/uploads\/2025\/04\/2032308406244-3-150x150.jpg 150w, https:\/\/flydjdesigns.com\/wp-content\/uploads\/2025\/04\/2032308406244-3-768x768.jpg 768w\" sizes=\"auto, (max-width: 1000px) 100vw, 1000px\" \/><\/figure>\n\n\n\n<p class=\"has-text-align-center\"><strong>\u00a1La magia de la amistad te espera!<\/strong><\/p>\n\n\n\n<p class=\"has-text-align-center\">Acompa\u00f1a a Twilight Sparkle, Pinkie Pie, Rainbow Dash y sus amigas en un mundo lleno de aventuras, valores y diversi\u00f3n. Descubre juguetes, episodios, libros y m\u00e1s de <em>My Little Pony<\/em> , el universo que celebra la amistad como el poder m\u00e1s grande de todos.<\/p>\n\n\n\n<p class=\"has-text-align-center\"><strong>\u00a1Explora Equestria y haz nuevos amigos!<\/strong><\/p>\n<\/div>\n\n\n\n<div class=\"wp-block-column is-layout-flow wp-block-column-is-layout-flow\">\n<figure class=\"wp-block-image size-full\"><img loading=\"lazy\" decoding=\"async\" width=\"800\" height=\"800\" src=\"https:\/\/flydjdesigns.com\/wp-content\/uploads\/2025\/04\/s-l1200.jpg\" alt=\"\" class=\"wp-image-490\" srcset=\"https:\/\/flydjdesigns.com\/wp-content\/uploads\/2025\/04\/s-l1200.jpg 800w, https:\/\/flydjdesigns.com\/wp-content\/uploads\/2025\/04\/s-l1200-300x300.jpg 300w, https:\/\/flydjdesigns.com\/wp-content\/uploads\/2025\/04\/s-l1200-150x150.jpg 150w, https:\/\/flydjdesigns.com\/wp-content\/uploads\/2025\/04\/s-l1200-768x768.jpg 768w\" sizes=\"auto, (max-width: 800px) 100vw, 800px\" \/><\/figure>\n\n\n\n<p class=\"has-text-align-center\"><strong>Autobots, \u00a1transf\u00f3rmate y avanza!<\/strong><\/p>\n\n\n\n<p class=\"has-text-align-center\">Explora el universo de <em>Transformers<\/em> , donde los h\u00e9roes de Cybertron luchan por la libertad y la justicia.Desde los cl\u00e1sicos hasta las nuevas generaciones, revive la batalla entre Autobots y Decepticons con figuras, juegos, pel\u00edculas y m\u00e1s.<\/p>\n\n\n\n<p class=\"has-text-align-center\"><strong>Descubre, Colecciona y Transformate.<\/strong><\/p>\n\n\n\n<p><\/p>\n<\/div>\n<\/div>\n\n\n\n<p class=\"has-accent-color has-text-color has-link-color wp-elements-cd15bcd184e6e60512230c2b6d6b8661\" style=\"font-size:44px\">Para todas las Edades<\/p>\n\n\n\n<p class=\"has-text-color has-link-color wp-elements-5d9fa8d1b37da3ec311c7f5004cd8659\" style=\"color:#4392d3;font-size:25px\">Juguetes y juegos para cada etapa:<\/p>\n\n\n\n<div class=\"wp-block-columns is-layout-flex wp-container-core-columns-is-layout-9d6595d7 wp-block-columns-is-layout-flex\">\n<div class=\"wp-block-column is-vertically-aligned-center is-layout-flow wp-block-column-is-layout-flow\" style=\"flex-basis:100%\">\n<div class=\"wp-block-buttons alignfull has-custom-font-size has-small-font-size is-content-justification-center is-layout-flex wp-container-core-buttons-is-layout-16018d1d wp-block-buttons-is-layout-flex\">\n<div class=\"wp-block-button has-custom-width wp-block-button__width-25 is-style-outline is-style-outline--1\"><a class=\"wp-block-button__link has-base-3-background-color has-text-color has-background has-link-color wp-element-button\" style=\"border-radius:13px;color:#2ae700\">MARCAS<\/a><\/div>\n\n\n\n<div class=\"wp-block-button has-custom-width wp-block-button__width-25 is-style-outline is-style-outline--2\"><a class=\"wp-block-button__link has-base-3-background-color has-text-color has-background has-link-color wp-element-button\" style=\"border-radius:13px;color:#ff3ae1\">EDADES<\/a><\/div>\n\n\n\n<div class=\"wp-block-button has-custom-width wp-block-button__width-25 is-style-outline is-style-outline--3\"><a class=\"wp-block-button__link has-accent-color has-base-3-background-color has-text-color has-background has-link-color wp-element-button\" style=\"border-radius:13px\">CATEGOR\u00cdA<\/a><\/div>\n\n\n\n<div class=\"wp-block-button\"><a class=\"wp-block-button__link has-contrast-background-color has-background wp-element-button\">VER<\/a><\/div>\n<\/div>\n<\/div>\n<\/div>\n\n\n\n<div class=\"wp-block-cover\" style=\"min-height:300px;aspect-ratio:unset;\"><img loading=\"lazy\" decoding=\"async\" width=\"928\" height=\"250\" class=\"wp-block-cover__image-background wp-image-972 size-full\" alt=\"\" src=\"https:\/\/flydjdesigns.com\/wp-content\/uploads\/2025\/04\/transformers-prime-Sri-Lanka-Derena-928x250-4.jpg\" data-object-fit=\"cover\" srcset=\"https:\/\/flydjdesigns.com\/wp-content\/uploads\/2025\/04\/transformers-prime-Sri-Lanka-Derena-928x250-4.jpg 928w, https:\/\/flydjdesigns.com\/wp-content\/uploads\/2025\/04\/transformers-prime-Sri-Lanka-Derena-928x250-4-300x81.jpg 300w, https:\/\/flydjdesigns.com\/wp-content\/uploads\/2025\/04\/transformers-prime-Sri-Lanka-Derena-928x250-4-768x207.jpg 768w\" sizes=\"auto, (max-width: 928px) 100vw, 928px\" \/><span aria-hidden=\"true\" class=\"wp-block-cover__background has-background-dim\" style=\"background-color:#4c515e\"><\/span><div class=\"wp-block-cover__inner-container is-layout-constrained wp-block-cover-is-layout-constrained\">\n<p class=\"has-text-align-left has-base-3-color has-text-color has-link-color wp-elements-f53ab71d6d8ca1c90486374a892e42cc\" style=\"font-size:34px\"><strong>FIGURAS DE ACCI\u00d3N DE TRANSFORMERS<\/strong><\/p>\n\n\n\n<div class=\"wp-block-columns is-layout-flex wp-container-core-columns-is-layout-9d6595d7 wp-block-columns-is-layout-flex\">\n<div class=\"wp-block-column is-layout-flow wp-block-column-is-layout-flow\" style=\"flex-basis:66.66%\">\n<p class=\"has-text-align-left has-base-3-color has-text-color has-link-color wp-elements-d76dac4babc0c80e2f3215ef2cdc6fae\" style=\"font-size:26px\">Encuentra tus juguetes favoritos                     de Transformers para sumar                      a tu colecci\u00f3n.<\/p>\n\n\n\n<div class=\"wp-block-buttons is-content-justification-center is-layout-flex wp-container-core-buttons-is-layout-16018d1d wp-block-buttons-is-layout-flex\">\n<div class=\"wp-block-button is-style-outline is-style-outline--4\"><a class=\"wp-block-button__link has-contrast-color has-base-3-background-color has-text-color has-background has-link-color wp-element-button\" href=\"https:\/\/flydjdesigns.com\/index.php\/transformers\/\">VER AHORA<\/a><\/div>\n<\/div>\n<\/div>\n\n\n\n<div class=\"wp-block-column is-layout-flow wp-block-column-is-layout-flow\" style=\"flex-basis:33.33%\"><\/div>\n<\/div>\n<\/div><\/div>\n\n\n\n<div class=\"wp-block-cover is-light\" style=\"min-height:300px;aspect-ratio:unset;\"><img loading=\"lazy\" decoding=\"async\" width=\"970\" height=\"300\" class=\"wp-block-cover__image-background wp-image-981 size-full\" alt=\"\" src=\"https:\/\/flydjdesigns.com\/wp-content\/uploads\/2025\/04\/088ccc4d-d81d-4471-ae85-9d6be7d9431e-2.jpg._CB485971010__SR970300_-2.jpg\" data-object-fit=\"cover\" srcset=\"https:\/\/flydjdesigns.com\/wp-content\/uploads\/2025\/04\/088ccc4d-d81d-4471-ae85-9d6be7d9431e-2.jpg._CB485971010__SR970300_-2.jpg 970w, https:\/\/flydjdesigns.com\/wp-content\/uploads\/2025\/04\/088ccc4d-d81d-4471-ae85-9d6be7d9431e-2.jpg._CB485971010__SR970300_-2-300x93.jpg 300w, https:\/\/flydjdesigns.com\/wp-content\/uploads\/2025\/04\/088ccc4d-d81d-4471-ae85-9d6be7d9431e-2.jpg._CB485971010__SR970300_-2-768x238.jpg 768w\" sizes=\"auto, (max-width: 970px) 100vw, 970px\" \/><span aria-hidden=\"true\" class=\"wp-block-cover__background has-background-dim\" style=\"background-color:#d081a8\"><\/span><div class=\"wp-block-cover__inner-container is-layout-constrained wp-block-cover-is-layout-constrained\">\n<p class=\"has-text-align-right has-base-3-color has-text-color has-link-color wp-elements-91df86e20b2d40c3ad95a9f0a82e992b\" style=\"font-size:34px\"><strong>MU\u00d1ECOS Y ACCESORIOS DE MY LITTLE PONY<\/strong><\/p>\n\n\n\n<div class=\"wp-block-columns is-layout-flex wp-container-core-columns-is-layout-9d6595d7 wp-block-columns-is-layout-flex\">\n<div class=\"wp-block-column is-layout-flow wp-block-column-is-layout-flow\" style=\"flex-basis:33.33%\"><\/div>\n\n\n\n<div class=\"wp-block-column is-layout-flow wp-block-column-is-layout-flow\" style=\"flex-basis:66.66%\">\n<p class=\"has-text-align-right has-base-3-color has-text-color has-link-color wp-elements-d68ea6e5452cb72868c6e159c6365051\" style=\"font-size:26px\">MU\u00d1ECOS Y ACCESORIOS DE MY LITTLE PONY.<\/p>\n\n\n\n<div class=\"wp-block-buttons is-content-justification-center is-layout-flex wp-container-core-buttons-is-layout-16018d1d wp-block-buttons-is-layout-flex\">\n<div class=\"wp-block-button is-style-outline is-style-outline--5\"><a class=\"wp-block-button__link has-base-3-background-color has-background wp-element-button\">VER AHORA<\/a><\/div>\n<\/div>\n<\/div>\n<\/div>\n<\/div><\/div>\n\n\n\n<div class=\"wp-block-cover is-light\" style=\"min-height:300px;aspect-ratio:unset;\"><img loading=\"lazy\" decoding=\"async\" width=\"970\" height=\"300\" class=\"wp-block-cover__image-background wp-image-986 size-full\" alt=\"\" src=\"https:\/\/flydjdesigns.com\/wp-content\/uploads\/2025\/04\/1c9ef5e2-0329-4bd3-b494-d9993565bd24.__CR002021625_PT0_SX970_V1___-3.jpg\" data-object-fit=\"cover\" srcset=\"https:\/\/flydjdesigns.com\/wp-content\/uploads\/2025\/04\/1c9ef5e2-0329-4bd3-b494-d9993565bd24.__CR002021625_PT0_SX970_V1___-3.jpg 970w, https:\/\/flydjdesigns.com\/wp-content\/uploads\/2025\/04\/1c9ef5e2-0329-4bd3-b494-d9993565bd24.__CR002021625_PT0_SX970_V1___-3-300x93.jpg 300w, https:\/\/flydjdesigns.com\/wp-content\/uploads\/2025\/04\/1c9ef5e2-0329-4bd3-b494-d9993565bd24.__CR002021625_PT0_SX970_V1___-3-768x238.jpg 768w\" sizes=\"auto, (max-width: 970px) 100vw, 970px\" \/><span aria-hidden=\"true\" class=\"wp-block-cover__background has-background-dim\" style=\"background-color:#f28c4a\"><\/span><div class=\"wp-block-cover__inner-container is-layout-constrained wp-block-cover-is-layout-constrained\">\n<p class=\"has-base-3-color has-text-color has-link-color wp-elements-828a6d53958217c51b322bc88dbb21d1\" style=\"font-size:34px\"><strong>ES NERF O NADA<\/strong><\/p>\n\n\n\n<div class=\"wp-block-columns is-layout-flex wp-container-core-columns-is-layout-9d6595d7 wp-block-columns-is-layout-flex\">\n<div class=\"wp-block-column is-layout-flow wp-block-column-is-layout-flow\" style=\"flex-basis:66.66%\">\n<p class=\"has-base-3-color has-text-color has-link-color wp-elements-eda766d0c32aefb512f66eec555a8d19\" style=\"font-size:26px\">Experimenta la \u00faltima l\u00ednea de    lanzadores Nerf.<\/p>\n\n\n\n<div class=\"wp-block-buttons is-content-justification-center is-layout-flex wp-container-core-buttons-is-layout-16018d1d wp-block-buttons-is-layout-flex\">\n<div class=\"wp-block-button is-style-outline is-style-outline--6\"><a class=\"wp-block-button__link has-base-3-background-color has-background wp-element-button\">VER AHORA<\/a><\/div>\n<\/div>\n<\/div>\n\n\n\n<div class=\"wp-block-column is-layout-flow wp-block-column-is-layout-flow\" style=\"flex-basis:33.33%\"><\/div>\n<\/div>\n<\/div><\/div>\n\n\n\n<div class=\"wp-block-cover is-light\" style=\"min-height:300px;aspect-ratio:unset;\"><img loading=\"lazy\" decoding=\"async\" width=\"970\" height=\"300\" class=\"wp-block-cover__image-background wp-image-992 size-full\" alt=\"\" src=\"https:\/\/flydjdesigns.com\/wp-content\/uploads\/2025\/04\/ab6c709e-a15d-4960-94de-7e131440c6dd.__CR00970300_PT0_SX970_V1___-2.jpg\" data-object-fit=\"cover\" srcset=\"https:\/\/flydjdesigns.com\/wp-content\/uploads\/2025\/04\/ab6c709e-a15d-4960-94de-7e131440c6dd.__CR00970300_PT0_SX970_V1___-2.jpg 970w, https:\/\/flydjdesigns.com\/wp-content\/uploads\/2025\/04\/ab6c709e-a15d-4960-94de-7e131440c6dd.__CR00970300_PT0_SX970_V1___-2-300x93.jpg 300w, https:\/\/flydjdesigns.com\/wp-content\/uploads\/2025\/04\/ab6c709e-a15d-4960-94de-7e131440c6dd.__CR00970300_PT0_SX970_V1___-2-768x238.jpg 768w\" sizes=\"auto, (max-width: 970px) 100vw, 970px\" \/><span aria-hidden=\"true\" class=\"wp-block-cover__background has-background-dim\" style=\"background-color:#bca486\"><\/span><div class=\"wp-block-cover__inner-container is-layout-constrained wp-block-cover-is-layout-constrained\">\n<p class=\"has-text-align-right has-base-3-color has-text-color has-link-color wp-elements-b31df6aa1219a3c81bda90989be8e531\" style=\"font-size:34px\"><strong>Colecciones de Play-Doh<\/strong><\/p>\n\n\n\n<div class=\"wp-block-columns is-layout-flex wp-container-core-columns-is-layout-9d6595d7 wp-block-columns-is-layout-flex\">\n<div class=\"wp-block-column is-layout-flow wp-block-column-is-layout-flow\" style=\"flex-basis:33.33%\"><\/div>\n\n\n\n<div class=\"wp-block-column is-layout-flow wp-block-column-is-layout-flow\" style=\"flex-basis:66.66%\">\n<p class=\"has-text-align-right has-base-3-color has-text-color has-link-color wp-elements-de2f9103e2322b181fab720a8157a869\" style=\"font-size:26px\">Explora el maravilloso mundo de juguetes y sets Play-Doh, ideales para manos peque\u00f1as.<\/p>\n\n\n\n<div class=\"wp-block-buttons is-content-justification-center is-layout-flex wp-container-core-buttons-is-layout-16018d1d wp-block-buttons-is-layout-flex\">\n<div class=\"wp-block-button is-style-outline is-style-outline--7\"><a class=\"wp-block-button__link has-base-3-background-color has-background wp-element-button\">VER AHORA<\/a><\/div>\n<\/div>\n<\/div>\n<\/div>\n<\/div><\/div>\n\n\n\n<div class=\"wp-block-cover is-light\" style=\"min-height:300px;aspect-ratio:unset;\"><img loading=\"lazy\" decoding=\"async\" width=\"970\" height=\"300\" class=\"wp-block-cover__image-background wp-image-999 size-full\" alt=\"\" src=\"https:\/\/flydjdesigns.com\/wp-content\/uploads\/2025\/04\/62983bf0-b412-4baa-b527-f626578cee91.__CR00970300_PT0_SX970_V1___-1.jpg\" data-object-fit=\"cover\" srcset=\"https:\/\/flydjdesigns.com\/wp-content\/uploads\/2025\/04\/62983bf0-b412-4baa-b527-f626578cee91.__CR00970300_PT0_SX970_V1___-1.jpg 970w, https:\/\/flydjdesigns.com\/wp-content\/uploads\/2025\/04\/62983bf0-b412-4baa-b527-f626578cee91.__CR00970300_PT0_SX970_V1___-1-300x93.jpg 300w, https:\/\/flydjdesigns.com\/wp-content\/uploads\/2025\/04\/62983bf0-b412-4baa-b527-f626578cee91.__CR00970300_PT0_SX970_V1___-1-768x238.jpg 768w\" sizes=\"auto, (max-width: 970px) 100vw, 970px\" \/><span aria-hidden=\"true\" class=\"wp-block-cover__background has-background-dim\" style=\"background-color:#9fa09a\"><\/span><div class=\"wp-block-cover__inner-container is-layout-constrained wp-block-cover-is-layout-constrained\">\n<div class=\"wp-block-columns is-layout-flex wp-container-core-columns-is-layout-9d6595d7 wp-block-columns-is-layout-flex\">\n<div class=\"wp-block-column is-layout-flow wp-block-column-is-layout-flow\" style=\"flex-basis:66.66%\">\n<p class=\"has-base-3-color has-text-color has-link-color wp-elements-0e894e4d5514513d458013c8886ac8e3\" style=\"font-size:34px\"><strong>Descubre mu\u00f1ecos, ropa y accesorios de Baby Alive.<\/strong><\/p>\n\n\n\n<div class=\"wp-block-buttons is-content-justification-center is-layout-flex wp-container-core-buttons-is-layout-16018d1d wp-block-buttons-is-layout-flex\">\n<div class=\"wp-block-button is-style-outline is-style-outline--8\"><a class=\"wp-block-button__link has-contrast-color has-base-3-background-color has-text-color has-background has-link-color wp-element-button\">VER AHORA<\/a><\/div>\n<\/div>\n<\/div>\n\n\n\n<div class=\"wp-block-column is-layout-flow wp-block-column-is-layout-flow\" style=\"flex-basis:33.33%\"><\/div>\n<\/div>\n<\/div><\/div>\n\n\n\n<p><\/p>\n","protected":false},"excerpt":{"rendered":"<p>EXPLORA LOS JUEGOS Y JUGUETES DE HASBRO Encuentra todas tus marcas favoritas de juguetes en un solo lugar: Nerf, My Little Pony, Transformers, \u00a1y muchas m\u00e1s! Descubre figuras de acci\u00f3n, mu\u00f1ecos, juegos electr\u00f3nicos, juegos de mesa y mucho m\u00e1s, \u00a1hoy mismo!. \u00a1Es hora de la batalla! Vive la emoci\u00f3n del juego con NERF, la l\u00ednea &#8230; <a title=\"\" class=\"read-more\" href=\"https:\/\/flydjdesigns.com\/\" aria-label=\"Leer m\u00e1s sobre \">Leer m\u00e1s<\/a><\/p>\n","protected":false},"author":1,"featured_media":0,"parent":0,"menu_order":0,"comment_status":"closed","ping_status":"closed","template":"","meta":{"footnotes":""},"class_list":["post-59","page","type-page","status-publish"],"_links":{"self":[{"href":"https:\/\/flydjdesigns.com\/index.php\/wp-json\/wp\/v2\/pages\/59","targetHints":{"allow":["GET"]}}],"collection":[{"href":"https:\/\/flydjdesigns.com\/index.php\/wp-json\/wp\/v2\/pages"}],"about":[{"href":"https:\/\/flydjdesigns.com\/index.php\/wp-json\/wp\/v2\/types\/page"}],"author":[{"embeddable":true,"href":"https:\/\/flydjdesigns.com\/index.php\/wp-json\/wp\/v2\/users\/1"}],"replies":[{"embeddable":true,"href":"https:\/\/flydjdesigns.com\/index.php\/wp-json\/wp\/v2\/comments?post=59"}],"version-history":[{"count":104,"href":"https:\/\/flydjdesigns.com\/index.php\/wp-json\/wp\/v2\/pages\/59\/revisions"}],"predecessor-version":[{"id":1854,"href":"https:\/\/flydjdesigns.com\/index.php\/wp-json\/wp\/v2\/pages\/59\/revisions\/1854"}],"wp:attachment":[{"href":"https:\/\/flydjdesigns.com\/index.php\/wp-json\/wp\/v2\/media?parent=59"}],"curies":[{"name":"wp","href":"https:\/\/api.w.org\/{rel}","templated":true}]}}