{"id":1776,"date":"2025-05-06T03:06:18","date_gmt":"2025-05-06T01:06:18","guid":{"rendered":"https:\/\/flydjdesigns.com\/?post_type=product&#038;p=1776"},"modified":"2025-05-06T03:06:18","modified_gmt":"2025-05-06T01:06:18","slug":"monopoly-prisma-glass-edition","status":"publish","type":"product","link":"https:\/\/flydjdesigns.com\/index.php\/producto\/monopoly-prisma-glass-edition\/","title":{"rendered":"Monopoly Prisma Glass Edition"},"content":{"rendered":"<p><span>Tienes un estilo propio. Como esta versi\u00f3n chic del Monopoly: Un toque moderno, un toque retro, \u00a1una maravilla! El precioso tablero de cristal reposa sobre una elegante base de madera maciza. Con toques dorados por todas partes, \u00a1este juego es tan bonito que no podr\u00e1s guardarlo! Sus coloridos componentes personalizados y su pr\u00e1ctica caja de almacenamiento lo hacen \u00fanico.<\/span><\/p>\n<p><strong><span>Incluye:<\/span><\/strong><\/p>\n<ul>\n<li><span>Tablero de juego de vidrio templado con l\u00e1mina dorada.<\/span><\/li>\n<li><span>Base de madera maciza con tinte nogal.<\/span><\/li>\n<li><span>Tarjetas de Suerte, Arca Comunal y T\u00edtulo de Propiedad con sello de aluminio<\/span><\/li>\n<li><span>Casas y hoteles de madera maciza<\/span><\/li>\n<li><span>Dinero de Monopoly personalizado<\/span><\/li>\n<li><span>Caja de almacenamiento de dise\u00f1o personalizado con bandeja bancaria integrada<\/span><\/li>\n<li><span>8 fichas fundidas a presi\u00f3n<\/span><\/li>\n<li><span>2 dados<\/span><\/li>\n<li><span>Instrucciones<\/span><\/li>\n<\/ul>\n<p><strong><span>Puntos destacados:<\/span><\/strong><\/p>\n<ul>\n<li><span>Tablero de juego de vidrio templado con l\u00e1mina dorada.<\/span><\/li>\n<li><span>Base de madera maciza con tinte nogal.<\/span><\/li>\n<li><span>Tarjetas de Suerte, Arca Comunal y T\u00edtulo de Propiedad con sello de aluminio<\/span><\/li>\n<li><span>Casas y hoteles de madera maciza<\/span><\/li>\n<li><span>Dinero de Monopoly personalizado<\/span><\/li>\n<li><span>Caja de almacenamiento de dise\u00f1o personalizado con bandeja bancaria integrada<\/span><\/li>\n<li><span>8 fichas fundidas a presi\u00f3n<\/span><\/li>\n<li><span>2 dados<\/span><\/li>\n<li><span>Instrucciones<\/span><\/li>\n<\/ul>\n<p><strong><span>Figura o escala del producto:<\/span><\/strong><\/p>\n<ul>\n<li><span>625\u201d x 19,625\u201d x 2,82\u201d<\/span><\/li>\n<\/ul>\n<p><span>A partir de 8 a\u00f1os<\/span><\/p>\n<p><span style=\"font-size: 0.875rem;\">\u26a0\ufe0f ADVERTENCIA: PELIGRO DE ASFIXIA &#8211; Piezas peque\u00f1as. No apto para ni\u00f1os menores de 3 a\u00f1os.<\/span><\/p>\n<p><span>Monopoly\u2122 con licencia de Hasbro<\/span><\/p>\n","protected":false},"excerpt":{"rendered":"<p>El precioso tablero de cristal reposa sobre una elegante base de madera maciza. Con toques dorados por todas partes, \u00a1este juego es tan bonito que no podr\u00e1s guardarlo!<\/p>\n","protected":false},"featured_media":1781,"comment_status":"open","ping_status":"closed","template":"","meta":[],"product_brand":[49],"product_cat":[51,50],"product_tag":[38,39],"class_list":{"0":"post-1776","1":"product","2":"type-product","3":"status-publish","4":"has-post-thumbnail","6":"product_brand-monopoly","7":"product_cat-juegos-de-mesa","8":"product_cat-monopoly","9":"product_tag-a-partir-de-15-anos","10":"product_tag-serie-premiun","12":"first","13":"instock","14":"shipping-taxable","15":"purchasable","16":"product-type-simple"},"_links":{"self":[{"href":"https:\/\/flydjdesigns.com\/index.php\/wp-json\/wp\/v2\/product\/1776","targetHints":{"allow":["GET"]}}],"collection":[{"href":"https:\/\/flydjdesigns.com\/index.php\/wp-json\/wp\/v2\/product"}],"about":[{"href":"https:\/\/flydjdesigns.com\/index.php\/wp-json\/wp\/v2\/types\/product"}],"replies":[{"embeddable":true,"href":"https:\/\/flydjdesigns.com\/index.php\/wp-json\/wp\/v2\/comments?post=1776"}],"wp:featuredmedia":[{"embeddable":true,"href":"https:\/\/flydjdesigns.com\/index.php\/wp-json\/wp\/v2\/media\/1781"}],"wp:attachment":[{"href":"https:\/\/flydjdesigns.com\/index.php\/wp-json\/wp\/v2\/media?parent=1776"}],"wp:term":[{"taxonomy":"product_brand","embeddable":true,"href":"https:\/\/flydjdesigns.com\/index.php\/wp-json\/wp\/v2\/product_brand?post=1776"},{"taxonomy":"product_cat","embeddable":true,"href":"https:\/\/flydjdesigns.com\/index.php\/wp-json\/wp\/v2\/product_cat?post=1776"},{"taxonomy":"product_tag","embeddable":true,"href":"https:\/\/flydjdesigns.com\/index.php\/wp-json\/wp\/v2\/product_tag?post=1776"}],"curies":[{"name":"wp","href":"https:\/\/api.w.org\/{rel}","templated":true}]}}