{"id":1782,"date":"2025-05-06T03:08:05","date_gmt":"2025-05-06T01:08:05","guid":{"rendered":"https:\/\/flydjdesigns.com\/?post_type=product&#038;p=1782"},"modified":"2025-05-06T03:08:05","modified_gmt":"2025-05-06T01:08:05","slug":"juego-de-monopoly-de-22-mm-con-fichas-d6","status":"publish","type":"product","link":"https:\/\/flydjdesigns.com\/index.php\/producto\/juego-de-monopoly-de-22-mm-con-fichas-d6\/","title":{"rendered":"Juego de Monopoly de 22 mm con fichas D6"},"content":{"rendered":"<p><span>La fecha de env\u00edo estimada est\u00e1 sujeta a cambios, los art\u00edculos pueden enviarse antes o despu\u00e9s de lo previsto sin previo aviso.<\/span><\/p>\n<p><span>El pago se realizar\u00e1 una vez que el art\u00edculo est\u00e9 listo para enviarse.<\/span><\/p>\n<p><span>El juego de dados oficial de Monopoly incluye dados D6 de gran tama\u00f1o con las fichas del juego. Con 22 mm, \u00a1estos dados de gran tama\u00f1o son una adici\u00f3n \u00fanica a cualquier colecci\u00f3n!<\/span><\/p>\n<p><span>\u26a0\ufe0f\u00a0<\/span><strong><span>ADVERTENCIA<\/span><\/strong><span>\u00a0: PELIGRO DE ASFIXIA &#8211; Piezas peque\u00f1as. No apto para ni\u00f1os menores de 3 a\u00f1os.<\/span><\/p>\n","protected":false},"excerpt":{"rendered":"<p>La fecha de env\u00edo estimada est\u00e1 sujeta a cambios, los art\u00edculos pueden enviarse antes o despu\u00e9s de lo previsto sin previo aviso. El pago se realizar\u00e1 una vez que el art\u00edculo est\u00e9 listo para enviarse. El juego de dados oficial de Monopoly incluye dados D6 de gran tama\u00f1o con las fichas del juego. Con 22 &#8230; <a title=\"Juego de Monopoly de 22 mm con fichas D6\" class=\"read-more\" href=\"https:\/\/flydjdesigns.com\/index.php\/producto\/juego-de-monopoly-de-22-mm-con-fichas-d6\/\" aria-label=\"Leer m\u00e1s sobre Juego de Monopoly de 22 mm con fichas D6\">Leer m\u00e1s<\/a><\/p>\n","protected":false},"featured_media":1784,"comment_status":"open","ping_status":"closed","template":"","meta":[],"product_brand":[49],"product_cat":[51,50],"product_tag":[38],"class_list":{"0":"post-1782","1":"product","2":"type-product","3":"status-publish","4":"has-post-thumbnail","6":"product_brand-monopoly","7":"product_cat-juegos-de-mesa","8":"product_cat-monopoly","9":"product_tag-a-partir-de-15-anos","11":"first","12":"instock","13":"shipping-taxable","14":"purchasable","15":"product-type-simple"},"_links":{"self":[{"href":"https:\/\/flydjdesigns.com\/index.php\/wp-json\/wp\/v2\/product\/1782","targetHints":{"allow":["GET"]}}],"collection":[{"href":"https:\/\/flydjdesigns.com\/index.php\/wp-json\/wp\/v2\/product"}],"about":[{"href":"https:\/\/flydjdesigns.com\/index.php\/wp-json\/wp\/v2\/types\/product"}],"replies":[{"embeddable":true,"href":"https:\/\/flydjdesigns.com\/index.php\/wp-json\/wp\/v2\/comments?post=1782"}],"wp:featuredmedia":[{"embeddable":true,"href":"https:\/\/flydjdesigns.com\/index.php\/wp-json\/wp\/v2\/media\/1784"}],"wp:attachment":[{"href":"https:\/\/flydjdesigns.com\/index.php\/wp-json\/wp\/v2\/media?parent=1782"}],"wp:term":[{"taxonomy":"product_brand","embeddable":true,"href":"https:\/\/flydjdesigns.com\/index.php\/wp-json\/wp\/v2\/product_brand?post=1782"},{"taxonomy":"product_cat","embeddable":true,"href":"https:\/\/flydjdesigns.com\/index.php\/wp-json\/wp\/v2\/product_cat?post=1782"},{"taxonomy":"product_tag","embeddable":true,"href":"https:\/\/flydjdesigns.com\/index.php\/wp-json\/wp\/v2\/product_tag?post=1782"}],"curies":[{"name":"wp","href":"https:\/\/api.w.org\/{rel}","templated":true}]}}